se 4 = -4*g - 12. Let y = g - q. What are the prime factors of y?
2, 3
Suppose 22*v + 27*v = 156359. What are the prime factors of v?
3191
Suppose -2662 = -3*f + 1520. List the prime factors of f.
2, 17, 41
Suppose -3 = -2*s - 2*v - 79, 0 = -2*s - 4*v - 76. Let u = 49 + s. List the prime factors of u.
11
Let g(w) = -14*w + 17. Suppose -3*t = -h - 6, t = -2*h + 5*h + 18. What are the prime factors of g(h)?
101
Let b be 1/8*1034 - (-4)/(-16). Let s = b + -36. What are the prime factors of s?
3, 31
Let r be (3/2)/((-39)/(-104)). Suppose -r*c + c = 0. Suppose 5*u = c, -4*x - 3*u = -15 - 25. List the prime factors of x.
2, 5
Let n = 143 + -77. List the prime factors of n.
2, 3, 11
Suppose 1200 = -11*p + 3*p. Let t = -95 - p. What are the prime factors of t?
5, 11
Let v be 10/45 + (-466)/(-9). Suppose -5*p + v = 12. Let b(j) = 3*j. List the prime factors of b(p).
2, 3
Let h(m) = m**2 + 2*m + 3. Let n be h(-2). Suppose 58*t - 71*t + 3146 = 0. Suppose -t = -5*g - 4*a + 19, 0 = -5*g + n*a + 233. List the prime factors of g.
7
Suppose -4*y + 645 - 237 = t, -4*t - 3*y + 1567 = 0. List the prime factors of t.
2, 97
Suppose -6*r - 19228 = -29*r. What are the prime factors of r?
2, 11, 19
Let g(m) = 9*m - 714*m**3 + 712*m**3 - 2*m + 10*m**2. List the prime factors of g(5).
5, 7
Let a(i) = -107*i - 378. What are the prime factors of a(-49)?
5, 7, 139
Let s be (6/(-4))/((-6)/32). Let w(f) = 4*f**2 + 4*f - 29. Let y(d) = 5*d**2 + 3*d - 31. Let j(z) = -6*w(z) + 5*y(z). List the prime factors of j(s).
11
Let p(w) = -48*w + 1478. What are the prime factors of p(0)?
2, 739
Suppose -133 = t - 4202. List the prime factors of t.
13, 313
Suppose -79 = -q + 36. Suppose -n = 2*n - 4*x - q, 3*x = 15. List the prime factors of n.
3, 5
What are the prime factors of 1327 - (1*-4)/(-3 + 4)?
11
Suppose -4*u - 46 = 5*d, 0 = -5*d + 4*u - 0 - 14. List the prime factors of (-3)/(-9) + (-622)/d + 3.
107
Let v be 254*((-12)/8)/(-1). Suppose -v = -7*y + 151. List the prime factors of y.
2, 19
Let d be (-3)/6 + 81/6. Suppose 0 = -5*m + 7 + d. Suppose m*s - 15 = s. What are the prime factors of s?
5
Let i be (5/10)/((-1)/(-14)). Suppose -i*z + 1661 = 4*z. List the prime factors of z.
151
Suppose -5 = x - 11. What are the prime factors of 20/x*6/4?
5
Let m(i) = i. Let j(s) = -16*s + 28. Let f(v) = -j(v) - 2*m(v). What are the prime factors of f(22)?
2, 5, 7
Let j(k) = -k**2 - 4*k + 3. Let o be j(0). Suppose o*s = -4*s + 350. List the prime factors of s.
2, 5
Suppose -32*r - 16*r + 4992 = 0. What are the prime factors of r?
2, 13
Let c(h) be the third derivative of -h**6/120 + h**5/30 + 7*h**4/12 + 2*h**3 + 14*h**2. What are the prime factors of c(-5)?
3, 13
Let o = -1040 - -1588. What are the prime factors of o?
2, 137
Let b be (-92)/(-10) - (-9)/(-45). Suppose -3*r = -b, -3 + 4 = 2*p - r. Suppose 3*u + d - 87 = 4*d, p*u + 2*d - 78 = 0. List the prime factors of u.
2, 17
Let y(z) = 89*z**2 + 7*z + 12. List the prime factors of y(-2).
2, 3, 59
Suppose 15 = 3*m, -118 = -2*h - 2*h - 2*m. What are the prime factors of -31*(-9)/(h/6)?
2, 31
Suppose -23 = -3*v - 5. Suppose -v = -4*f + 2. Suppose f*s = s + 29. List the prime factors of s.
29
Suppose 34 = -26*p + 27*p + 2*c, 4*p - 191 = 3*c. What are the prime factors of p?
2, 11
Let q(l) = -5*l - 1. Let k(a) = 10*a + 1. Let n(o) = 3*k(o) + 7*q(o). Let f be n(-2). Suppose -2*b + 32 = -f. What are the prime factors of b?
19
Let d(u) = -u**3 + 8*u**2 - 7*u + 6. Let l be d(7). Suppose -84 - l = 5*b. List the prime factors of (-3 - (3 + b))*1.
2, 3
Suppose -4*z = -2*b - 16, -2*b = -5*z - 7 + 24. Let u be -12*(5 + -3)/(-8). Let n = u - b. What are the prime factors of n?
3
Let l(d) = -159*d - 2. Let c be l(-1). Suppose c = k + 52. What are the prime factors of k?
3, 5, 7
Let t be (903/42)/(1/52). List the prime factors of 3*1/(-9) + t/6.
2, 3, 31
Let z(v) = v**3 - 7*v**2 + v - 7. Let q be z(7). Suppose 0 = -t - 5*h - 3, -2*t + h + 22 + 16 = q. Suppose -k + 6 = -t. What are the prime factors of k?
23
Let j be ((-3)/6)/((-1)/(-74)). Let c = j - -77. List the prime factors of c.
2, 5
Let y(s) = 2*s**3 - 2*s**2 - 3*s - 4. Suppose 4*h = -0*h + 20. Suppose 4 + h = 3*z. List the prime factors of y(z).
23
Let m = -78 + 83. Suppose -233 = -q - 3*a, m*q - 2*a - 1930 = -782. List the prime factors of q.
2, 5, 23
Let w be (-1)/(4 + 45/(-10)). Suppose -w*x + 94 = -26. List the prime factors of x.
2, 3, 5
Let j be (2*5)/(2/4). List the prime factors of 63 - (3 - j/5).
2
Let a = 358 + -249. Suppose -k - 3*k + 7 = -d, 5*k + d - 20 = 0. Suppose 5*u - 10 = 0, 0*n + 5*u - a = -k*n. List the prime factors of n.
3, 11
Suppose 0 = -3*t + 6 + 3. Let j = 7 - t. Let n(v) = v**2 + 4. What are the prime factors of n(j)?
2, 5
What are the prime factors of 741 + 5 + -7 + -2?
11, 67
Let l(d) = -146*d - 8. List the prime factors of l(-5).
2, 19
Let i(m) = m + 5. Let a be (22/(-4))/((-5)/10). What are the prime factors of i(a)?
2
Let q(b) = -4770*b**3 + 3*b**2 - 3. What are the prime factors of q(-1)?
2, 3, 5, 53
Let r = -140 - -230. What are the prime factors of r?
2, 3, 5
Let p(t) = 3*t - 1. Suppose 3*g = -a - 0*a, 5*g = 5*a + 20. Let v be p(g). Suppose -9 = 3*c - 0*c, -v*x = -5*c - 45. List the prime factors of x.
3, 5
Suppose 18*n - 37224 = -4*n. What are the prime factors of n?
2, 3, 47
Let d(a) = a + 11. Let h be d(-9). Let y(t) = 35*t**2 - 6*t + 1. Let g(p) = -7*p**2 + p. Let u(v) = -11*g(v) - 2*y(v). List the prime factors of u(h).
2, 7
Let p be 1/5 - (-852)/(-60). Let f(o) = -o**3 - 15*o**2 - 15*o + 9. Let b be f(p). Suppose 2*l - 316 = -5*n, l + 43 + b = n. List the prime factors of n.
2
Let i(b) = -3*b**2 - b**3 + 4*b + 4 - 1 - 3. Let c be i(-4). Suppose -3*v = -u - 12, -3*v + 2*u + 2*u + 3 = c. What are the prime factors of v?
5
Let g be 137/(-3) + 2/(-6). Let d = g - -88. What are the prime factors of d?
2, 3, 7
Suppose -4 = -z + 2*z, 0 = -r - 2*z - 2. Suppose 2*n + j = r, n - 3*j + 5 = 8. What are the prime factors of (-100)/(-2) + n/3?
3, 17
Suppose -18*v + 62972 = 2132. What are the prime factors of v?
2, 5, 13
Let d = -66 + 56. What are the prime factors of (-342)/d + 3/(-15)?
2, 17
Let q = 53 - 50. Let f = 47 - 24. Suppose -q*j + f = -16. List the prime factors of j.
13
Let n = 68 - 7. What are the prime factors of n?
61
List the prime factors of 2132/(-3)*6/(-8).
13, 41
Suppose -2*q = -q. Let b be (q - -24)*(-16)/(-3). Suppose 6*i = 10*i - b. What are the prime factors of i?
2
Let q(j) = j**3 + j**2 + j - 6. Let y be q(0). Suppose 4*b = -2*s + 7*s + 43, 2*s - 22 = -4*b. List the prime factors of y/21 + 282/b.
2, 5
Let s(o) = 2*o**3 + 8*o**2 + 5*o + 5. Let v be (4/(-6)*-15)/(-2). Let c be s(v). Let m = c + 105. List the prime factors of m.
5, 7
Let x be ((-3)/2 - 0)*(-6 - -8). What are the prime factors of x/6*-142*(1 + 0)?
71
List the prime factors of (3/(-6) - -3)*(566 - 24).
5, 271
Let f(v) = -15*v + 15. Let s be f(-8). Suppose -4*m - 4*r = -560, -3*r + 5*r = -m + s. List the prime factors of m.
5, 29
Let h(u) = -u**3 - 7*u**2 + 2. Let q be h(-7). Let y be (q - -4)*(-56)/(-6). Let l = -35 + y. List the prime factors of l.
3, 7
Let v(s) = -s**3 + 12*s**2 + 2*s - 6. List the prime factors of v(9).
3, 5, 17
Let b be (-1)/(-1) + -6 + 3. Let z = b + 4. What are the prime factors of -4*(-27)/24*z?
3
Suppose -5*g = -6 - 9. Let q(r) = -r**2 + 26 + 5*r**3 + 4*r**3 - 6*r**g - 2*r**3. List the prime factors of q(0).
2, 13
Suppose 4*x - 141 = 299. Suppose l + 0*l = x. List the prime factors of l.
2, 5, 11
Suppose -3*p + 4*p = 24. Let w = p + -22. List the prime factors of ((-434)/35)/(w/(-10)).
2, 31
Suppose 20 = 10*z - 140. Let b(q) = -q**3 + 16*q**2 + 4*q - 11. What are the prime factors of b(z)?
53
Let l(k) = -k**3 - 6*k**2 - 8*k - 2. Let d(f) = -6*f + 1. Let c be d(4). Let x = c - -17. What are the prime factors of l(x)?
2, 23
Let r be 1 + -6 + (0 - 2). Let s(f) = 2*f**2 + 3*f - 15. List the prime factors of s(r).
2, 31
Suppose -4*w + 12*w = 34512. What are the prime factors of w?
2, 3, 719
Let b(m) = -2*m**3 - 5*m**2 + 4*m + 3. Let s be b(-3). Suppose 4*j + 0*j = s. Let t(a) = -a + 9. List the prime factors of t(j).
3
Let t(d) = d + 13. Let g be t(-8). Let l(k) = -2*k + 7. Let p be l(g). Let w = p - -6. List the prime factors of w.
3
Let q(c) = 3*c - c - 9 + 0*